 - 2. Calculate h(w).
13
Let k(l) = l**2 - 1. Let d(g) = -2*g**2 + 1. Let q(n) = 2*d(n) + 3*k(n). Give q(-3).
-10
Let f(s) be the third derivative of s**6/120 - s**5/10 - s**4/8 - s**3 + 65*s**2. Give f(6).
-24
Let a(n) be the second derivative of n**5/20 - n**4/4 - n**2/2 - 2*n + 60. Give a(3).
-1
Let s be 15/5 + (-2)/2. Let g(k) = 32*k**3 - k**2 - 31*k**3 + 4*k**s + 2*k - 4. Suppose -p - 3 = -0*p. Determine g(p).
-10
Suppose -8 = -r - 3*b - 20, 4*r - 4*b = 16. Let n(t) = -t**2 - 10. Determine n(r).
-10
Suppose 0 = 9*f - 13*f - 6*f. Let a(u) = -5*u - 4 + f*u + 4*u. Calculate a(0).
-4
Suppose 7*q + 0*q - 14 = 0. Let h(x) = 3*x**2 + x - 2*x - 3*x - 3 - q*x**2. Determine h(5).
2
Let b(h) = 4*h**3 + h**2 - 5*h + 6. Let i(z) = 3*z**3 - z**2 - 6*z + 5. Let s(r) = 2*b(r) - 3*i(r). Calculate s(6).
9
Let i(m) = m**2 - 7*m - 1. Suppose 0 = -0*p - 3*p + 6. Let j(z) = 2*z**2 - 8*z - 2. Let w(l) = p*j(l) - 3*i(l). What is w(-4)?
-5
Let l(i) be the third derivative of 5*i**4/24 + i**3/3 - 2*i**2. Suppose -9*u + 46 - 19 = 0. What is l(u)?
17
Let k(v) = -4*v**3 - 4*v**2 + 15. Let y(i) = -13*i**3 - 13*i**2 + 42. Let l(t) = -10*k(t) + 3*y(t). What is l(0)?
-24
Suppose -4*v = -16, 5*v = -7*k + 3*k + 28. Let o(u) = -10 + 3 - 2*u**2 + 6 + 3*u**k. Determine o(-4).
15
Let p(a) = a + 4. Let m be p(-4). Suppose m = -5*z + 12 + 8, -3*w - 16 = 2*z. Let f(u) = -u - 11. What is f(w)?
-3
Let s(w) = w**3 + 3*w**2 - 2*w + 3. Suppose 2*g = -v + 9, 10*g + 4*v - 30 = 5*g. Determine s(g).
19
Let g(z) = -2*z**2 - 5*z - 1. Let u be g(-2). Let a(s) = 2*s + 1. Let t(f) = -f. Let m(p) = u*a(p) + t(p). Let w be (-10)/(-3)*18/(-15). Determine m(w).
-3
Let d = 52 - 30. Let m be (2 - 40/d) + 4/(-22). Let u(c) = -c**3 + 6. What is u(m)?
6
Let b(u) = u**2 - 26*u + 66. Let h be b(23). Let t(a) = 1. Let c(j) = 3*j + 5. Let p(q) = -2*c(q) + 6*t(q). Calculate p(h).
14
Suppose -17*o = -22*o + 145. Suppose -w = -3*y + 27, -3*w + o + 2 = 5*y. Let j(k) = -k**3 + 9*k**2 - 7*k - 1. Determine j(y).
7
Let y(z) = -z**3 - 3*z**2 - 2. Let u(t) be the first derivative of 3*t**2/2 - 5*t - 26. Let v be u(1). Calculate y(v).
-6
Let l(t) = t**3 - 3*t - 4. Suppose 16*c - 18*c = 5*k, 0 = -2*c + 10. Determine l(k).
-6
Let n(r) be the second derivative of -r**5/60 - r**4/12 - 19*r**2/2 - 8*r. Let k(d) be the first derivative of n(d). Determine k(-3).
-3
Let s(c) be the third derivative of c**4/8 - 26*c**3/3 + 296*c**2. Determine s(19).
5
Suppose 2*r - b = -3*r + 8, -5*r = -5*b. Suppose -o = -3*q - 2, -5*q + o = 2*o - r. Let l(g) = -g**2 - g + 5. What is l(q)?
5
Let w(f) = -f**3 - 9*f**2 + f + 2. Suppose 31*s - 32*s = 9. Calculate w(s).
-7
Let t = 98 + -29. Let q be t/(-161) + (-17)/(-7). Let b(k) = 4*k + k + k + 0 + 3 - k**q. Determine b(4).
11
Let g(i) = -i + 1. Let l(n) = -n - 2. Let d(y) = 3*g(y) - l(y). Calculate d(4).
-3
Let v(o) = -4*o - 1. Let p be ((-4)/(-10))/(74/185). Determine v(p).
-5
Let x be 2 + 0*3/9. Let v(w) = -2*w**2 + w + 2. Let y be v(x). Let f(k) be the second derivative of -k**4/12 - 2*k**3/3 - 3*k**2/2 + 16*k. Determine f(y).
-3
Let t(x) = x + 1. Let d be t(2). Let q be 1/(-3) - (-1)/d. Let b(o) = o**3 - o + 9. Calculate b(q).
9
Let g(x) = 71*x - 37*x - 2 + 3 + 3*x**2 - 37*x. Suppose 5*b + 3*c - 7 = 3*b, -2*b = c - 5. Give g(b).
7
Suppose 0 = -2*u + 7 + 7. Let r(j) = 0 + 4 - 3 + u*j. Suppose 5*h - 27 = 2*l, 8 = 2*l - 3*h + 5*h. What is r(l)?
-6
Suppose 0 = 3*g - 6. Suppose g*w = -1 + 5. Let h(p) = 3*p - p + w*p**2 - 3*p**2 + 3*p. Determine h(4).
4
Let w(m) = -2*m**3 + m**2 - 2*m + 4. Let v(c) = 7*c**3 + c**2 + 14*c - 14. Let q(h) = -v(h) - 4*w(h). Let f(x) = -x**2 - 5*x. Let l be f(-3). What is q(l)?
-2
Suppose 2 = 2*w + 2*h, h - 31 + 10 = 4*w. Suppose 0 = 5*m + t - 5, -8*m - 4*t - 12 = -4*m. Let f(l) = 4*l + 0*l + l**m + 5 - l. Determine f(w).
9
Let t(b) be the second derivative of -2*b**3/3 - 519*b. Suppose 2*d - 20 = -2*l - 2*d, -3*d + 30 = 4*l. Let u(z) = -z**2 + 7*z - 5. Let k be u(l). Give t(k).
-4
Suppose 3*m = -j - 3, -4*m - 4 + 57 = -5*j. Let d(f) = 2*f + 8. Calculate d(j).
-10
Let v(n) = 3*n - 6. Let w be ((-2)/(-4))/((-14)/(-252)). Let u(y) = y**3 - 9*y**2 - y + 13. Let f be u(w). Give v(f).
6
Let v(d) be the second derivative of -d**4/12 + 5*d**3/6 - 5*d**2/2 - 2002*d. Suppose 84 = 3*x - 3*b, -x - 5*b + 3*b = -19. Suppose -6*g + g + x = 0. Give v(g).
-5
Let b(o) = -o**2 - o + 6. Let q be 0/(-1*3/3). Suppose 2*y - 3*y = q. Determine b(y).
6
Let l be (-3)/2*(-8)/(-12). Let y(t) = 5*t**2 + 2*t - 1. Let s(p) = p**2 + p. Let v(d) = -4*s(d) + y(d). Determine v(l).
2
Let r(t) = -3*t + 1. Let v(j) = 8*j + 10. Let h(b) = -3*r(b) - v(b). Determine h(12).
-1
Let r(u) = -u**2 + 13*u - 12. Let a be r(8). Let i = a - 27. Let b(s) = -17*s - 1. Calculate b(i).
-18
Let v(d) = 29*d**3 - d**2 + 2*d - 1. Let y(q) = q**3 - 74*q**2 + 76*q - 218. Let n be y(73). Calculate v(n).
29
Suppose 2*f = -0*f - 104. Let t = 47 + f. Let w(j) = 2 - 2 + 2 + j. Give w(t).
-3
Let u be -2 - -15 - (-2)/(-2). Suppose -u = -4*m - 0*m. Let r(n) = n + 0*n - 3 + m + 2. Calculate r(5).
7
Let t = 3 - 7. Let j(s) = -4*s - 7. Let k(v) = -v - 1. Let d(a) = j(a) - 3*k(a). What is d(t)?
0
Let y(g) = g**3 + 5*g**2 - 4*g - 2. Let s = -2477 - -2472. Give y(s).
18
Let y(i) = 1. Let u(h) be the second derivative of h**4/12 + h**3/6 - 3*h**2 + 2*h. Let b(o) = u(o) + 3*y(o). What is b(3)?
9
Let i be 98/(-42)*(-3)/21. Let m(w) be the first derivative of 2 + 0*w + 0*w**2 - i*w**3. Determine m(3).
-9
Let i(p) = p**2 + 10*p + 20. Let h = -177 + 172. What is i(h)?
-5
Let f(z) be the second derivative of -23*z - z**3 + 0 + 1/20*z**5 - 7/12*z**4 - 5*z**2. Determine f(8).
6
Let h(q) be the third derivative of 2*q**2 - 7/120*q**6 - 1/24*q**4 + 0*q - 1/6*q**3 + 0 + 0*q**5. Let i(l) = 16*l + 31. Let u be i(-2). What is h(u)?
7
Let l(y) = -76*y - 384. Let h be l(-5). Let m(v) = -8*v - 1. What is m(h)?
31
Let b(w) be the second derivative of w**5/20 + 11*w**4/12 + 3*w**3/2 - 6*w**2 + 93*w. What is b(-10)?
-2
Let u(z) = -1 + 2*z - z**2 + 3*z - z. Let j(y) = -4 - 2*y - 1433*y**2 + 0 + 1434*y**2 + 1. Let s be j(4). Give u(s).
-6
Let y(d) = d**3 - 9*d**2 - d - 7. Let a be -5 + ((-56)/6)/((-12)/18). What is y(a)?
-16
Let z(f) be the second derivative of -f**7/2520 + f**6/240 - f**5/60 - f**4/4 + 17*f. Let i(g) be the third derivative of z(g). Determine i(4).
-6
Suppose 3*d = 5*p + 2*d - 311, -d = 5*p - 319. Let j be (-36)/p - (-3)/(-7). Let x(n) = -2*n**3 + n**2. Determine x(j).
3
Suppose -y - 5*g = 0, -y + 3*g = -3*y. Let a(m) = -5 - 124*m + 27*m + 31*m + 33*m + 32*m. Calculate a(y).
-5
Let s(c) be the second derivative of -c**5/20 + c**4/2 - 2*c**3/3 + c**2 + c. Let o(y) = 7*y**2 + 4. Let r be o(2). Suppose r = 5*w + 7. Give s(w).
7
Let m(r) = r**3 + 15*r**2 - r + 9. Let a(v) = -6*v + 165. Let l be a(30). Calculate m(l).
24
Let a(m) = -m**2 + 0*m**2 + 7 + 3 - 6 + 3*m. Let f be -1 + 2 + (2 - 0). What is a(f)?
4
Let j(g) = 2*g**3 - g**2 + 1. Let u = 57 - 47. Let o be (-15)/u*(-2)/(-6)*2. Give j(o).
-2
Let m(s) = -19*s - 1. Let r = 51 + 12. Suppose -r + 297 = -6*q. Let b be 26/q*6/4. What is m(b)?
18
Let u(w) = 4*w**3 + 12*w**2 + 17*w + 13. Let f(j) = -5*j**3 - 11*j**2 - 17*j - 14. Let g(a) = 5*f(a) + 6*u(a). Give g(18).
-10
Let w(r) = r**3 + 6*r**2 + 9*r + 7. Suppose -6*l - 157 + 133 = 0. Determine w(l).
3
Let b(x) be the third derivative of -x**6/120 + x**5/10 - x**4/6 + 8*x**3/3 - 36*x**2 - 2. What is b(5)?
21
Let t(y) = y**3 + 7*y**2 - 2*y**3 + 6*y - 7 + 2*y**3. Let a be (8 - 4)*1/2. Suppose 2*g = -3*o - 25, 0 = 2*o - 5*o + a*g - 5. What is t(o)?
13
Let b(y) = y + 4. Suppose 24*f - 25*f - 3 = 0. Let q be (-1)/((-28)/(-10) + f). Give b(q).
9
Let k be 92/48 + 31/372. Let t(w) be the first derivative of 1/2*w**k - 5/3*w**3 - 1/4*w**4 - 3*w + 3. Determine t(-5).
-8
Let q(t) = t**2 + t - 13. Let h be q(4). Let v(y) be the second derivative of y**5/20 - y**4/2 - y**3 - 5*y**2 + 3*y. What is v(h)?
-3
Let f be (-3 - -8 - 2) + -1. Let b(x) = 14*x - 13*x - 12 + 11*x**f + x**3 + 8*x. Calculate b(-10).
-2
Let h(m) be the first derivative of -m**3/3 - 5*m**2/2 - 3*m - 3. Let g(b) = b**2 + 11*b - 18. Let r be g(-12). Calculate h(r).
-9
Let w(p) be the first derivative of -p**2 - 3*p + 1. Let s be (8/(-6))/(11/(-33)). Suppose h - 2 = -4*q, -q = -h + q - s. Wha